e greatest common divisor of 52 and 4.
4
What is the highest common factor of 15 and 2760?
15
Calculate the highest common divisor of 1424 and 267.
89
Calculate the greatest common divisor of 235 and 80.
5
Calculate the highest common divisor of 5 and 550.
5
Calculate the highest common divisor of 1080 and 460.
20
What is the greatest common divisor of 27 and 12?
3
Calculate the greatest common factor of 832 and 13.
13
Calculate the highest common factor of 312 and 13.
13
What is the highest common divisor of 1032 and 3?
3
Calculate the greatest common factor of 273 and 14651.
91
What is the highest common divisor of 10610 and 10?
10
What is the highest common divisor of 17721 and 297?
99
Calculate the greatest common divisor of 115 and 92.
23
Calculate the greatest common factor of 9 and 4707.
9
What is the highest common divisor of 880 and 240?
80
What is the highest common factor of 2 and 21?
1
What is the highest common divisor of 145 and 3335?
145
Calculate the greatest common divisor of 130 and 195.
65
Calculate the greatest common divisor of 256 and 5952.
64
What is the highest common factor of 117 and 39?
39
What is the highest common factor of 741 and 780?
39
Calculate the highest common factor of 588 and 2268.
84
What is the greatest common factor of 248 and 310?
62
Calculate the highest common divisor of 3811 and 37.
37
Calculate the highest common factor of 5 and 35.
5
Calculate the greatest common factor of 12520 and 40.
40
Calculate the greatest common divisor of 88 and 55.
11
What is the greatest common divisor of 4970 and 42?
14
Calculate the highest common divisor of 430 and 30.
10
Calculate the greatest common divisor of 119 and 2754.
17
Calculate the highest common divisor of 75 and 125.
25
What is the highest common factor of 13 and 82914?
13
What is the highest common divisor of 234 and 32058?
234
What is the greatest common factor of 64 and 1168?
16
Calculate the highest common divisor of 102 and 6579.
51
What is the greatest common factor of 9 and 4?
1
What is the highest common factor of 846 and 188?
94
Calculate the highest common factor of 150 and 3795.
15
What is the highest common factor of 6561 and 126?
9
What is the highest common factor of 1798 and 174?
58
What is the highest common factor of 105 and 140?
35
What is the greatest common divisor of 1154 and 2?
2
Calculate the highest common divisor of 1836 and 1173.
51
What is the greatest common divisor of 4 and 164?
4
What is the greatest common factor of 55 and 33?
11
Calculate the greatest common divisor of 6 and 282.
6
Calculate the greatest common divisor of 30067 and 107.
107
What is the highest common factor of 210 and 1185?
15
Calculate the greatest common divisor of 2 and 70.
2
Calculate the greatest common divisor of 121 and 99.
11
What is the greatest common factor of 169 and 13?
13
What is the highest common divisor of 1 and 109?
1
What is the highest common divisor of 170 and 14552?
34
What is the highest common factor of 176 and 616?
88
What is the greatest common divisor of 13 and 26?
13
Calculate the highest common factor of 1372 and 5782.
98
What is the highest common divisor of 30 and 1410?
30
Calculate the greatest common factor of 108 and 168.
12
Calculate the greatest common factor of 1450 and 116.
58
Calculate the greatest common divisor of 1148 and 266.
14
What is the highest common divisor of 1278 and 18?
18
Calculate the highest common divisor of 183 and 3.
3
Calculate the greatest common factor of 78 and 390.
78
What is the greatest common divisor of 17 and 119?
17
What is the highest common divisor of 32 and 20?
4
What is the highest common divisor of 26 and 3146?
26
Calculate the greatest common factor of 1225 and 392.
49
What is the highest common factor of 4453 and 366?
61
What is the highest common factor of 120 and 11760?
120
What is the greatest common divisor of 288 and 11664?
144
What is the highest common factor of 1363 and 2021?
47
What is the greatest common factor of 1159 and 19?
19
Calculate the highest common factor of 80 and 90.
10
What is the greatest common divisor of 6734 and 444?
74
What is the greatest common divisor of 13 and 16081?
13
What is the highest common factor of 1519 and 7161?
217
What is the highest common factor of 110 and 22?
22
Calculate the highest common divisor of 20 and 13570.
10
What is the greatest common factor of 160 and 500?
20
What is the highest common factor of 3894 and 66?
66
Calculate the highest common factor of 1032 and 228.
12
What is the highest common divisor of 5285 and 280?
35
Calculate the highest common divisor of 28 and 20.
4
Calculate the highest common factor of 13493 and 309.
103
What is the highest common factor of 22 and 209?
11
Calculate the highest common factor of 460 and 10.
10
Calculate the highest common divisor of 93 and 9.
3
Calculate the greatest common divisor of 2150 and 710.
10
What is the highest common divisor of 171 and 9?
9
Calculate the greatest common factor of 171 and 765.
9
Calculate the highest common factor of 1320 and 5412.
132
What is the highest common divisor of 276 and 483?
69
Calculate the highest common factor of 459 and 5814.
153
What is the highest common factor of 295 and 118?
59
Calculate the greatest common divisor of 525 and 20.
5
Calculate the highest common divisor of 1628 and 1184.
148
What is the greatest common factor of 268 and 1474?
134
Calculate the greatest common factor of 204 and 636.
12
Calculate the highest common divisor of 2 and 738.
2
Calculate the greatest common divisor of 210 and 28.
14
What is the greatest common factor of 7 and 5131?
7
What is the highest common divisor of 25 and 4?
1
Calculate the greatest common divisor of 2 and 149.
1
Calculate the highest common divisor of 3616 and 32.
32
Calculate the greatest common divisor of 15 and 51.
3
Calculate the greatest common factor of 90 and 36.
18
What is the greatest common factor of 4 and 32?
4
Calculate the greatest common divisor of 75 and 425.
25
Calculate the greatest common divisor of 1573 and 22.
11
What is the greatest common divisor of 3071 and 37?
37
What is the highest common divisor of 12 and 4398?
6
What is the greatest common divisor of 105 and 3360?
105
Calculate the greatest common divisor of 99 and 126.
9
What is the highest common divisor of 36 and 8793?
9
What is the greatest common factor of 195 and 45?
15
What is the highest common divisor of 5 and 1240?
5
Calculate the greatest common factor of 1125 and 9.
9
What is the greatest common factor of 104554 and 122?
122
What is the greatest common factor of 8 and 14?
2
What is the highest common divisor of 84 and 72?
12
Calculate the greatest common factor of 36 and 675.
9
Calculate the greatest common divisor of 17 and 21233.
17
What is the greatest common divisor of 184 and 16?
8
What is the highest common divisor of 30 and 260?
10
What is the greatest common divisor of 1566 and 378?
54
Calculate the greatest common divisor of 745 and 3874.
149
What is the greatest common factor of 194 and 6?
2
Calculate the highest common divisor of 348 and 18.
6
What is the greatest common factor of 34 and 94?
2
Calculate the greatest common divisor of 754 and 442.
26
What is the highest common divisor of 18 and 5490?
18
Calculate the highest common factor of 2340 and 80.
20
What is the greatest common divisor of 370 and 790?
10
What is the greatest common factor of 18 and 242?
2
What is the highest common factor of 7942 and 22?
22
What is the highest common divisor of 3300 and 132?
132
Calculate the greatest common factor of 76 and 8854.
38
What is the highest common factor of 10192 and 91?
91
Calculate the greatest common divisor of 134 and 16683.
67
Calculate the greatest common factor of 6372 and 1180.
236
What is the greatest common factor of 336 and 117?
3
Calculate the greatest common divisor of 13 and 1937.
13
What is the highest common factor of 5330 and 1435?
205
Calculate the greatest common factor of 323 and 1326.
17
What is the greatest common divisor of 15 and 260?
5
What is the highest common divisor of 120 and 48?
24
Calculate the highest common factor of 12118 and 1314.
146
What is the greatest common factor of 3082 and 368?
46
Calculate the greatest common divisor of 913 and 22.
11
Calculate